irst derivative of o**7/840 + o**6/72 + o**5/30 - o**4/24 - 17*o**3 + 63. Let g(b) be the third derivative of c(b). Calculate g(-5).
-21
Let v(c) = c**2 + 10*c + 22. Let r = -17324 + 17315. Calculate v(r).
13
Let p(b) = -86*b - b**3 + 27*b + 19*b + 6 + 24*b + 9*b**2 + 25*b. Let v be 22/11*(-15)/(-3). Give p(v).
-4
Let w(h) be the second derivative of 1 + 1/12*h**4 - 1/6*h**3 + 33*h - 2*h**2. Suppose -6 = -3*m + 3. What is w(m)?
2
Let l(k) = -5*k - 1. Let y be 7/14*(-3 + 3). Let n be (y - -4) + (-3)/1. Determine l(n).
-6
Suppose g + 1 = -90*d + 91*d, -d + 22 = -4*g. Let u(r) = r**3 + 4*r**2 - 23*r - 8. What is u(g)?
6
Let i be (1/4)/((-42)/672*4). Let w(d) = 6*d**2 + 3. Let n(s) = -24*s**2 - 13. Let r(f) = 6*n(f) + 26*w(f). Determine r(i).
12
Let z be -25 - (1 - 216/9). Let y(j) = 4*j**3 + 1 - 6*j**3 + 2*j**2 + j**3 + 2*j. Calculate y(z).
13
Suppose 0*s = -3*s + 6. Let o(r) be the second derivative of -r**4/12 + r**3/2 - 3*r**2/2 - 11714*r. Calculate o(s).
-1
Let y(p) = -11*p**2 + 47*p - 109*p + 11 + p**3 + 61*p. Suppose -6*d + 4*d + 22 = 0. Give y(d).
0
Let m(x) = 2*x - 6. Let v be 65/15 + -4 + (-26)/(-3). Suppose 0 = -v*r + 42 + 12. Calculate m(r).
6
Let o(d) be the first derivative of d**4/4 + 6*d**3 - 61*d**2/2 + 31*d - 1189. Determine o(-21).
-11
Let m(k) = 15*k - 41*k - 14*k**2 - 22 - 60 - 8 + k**3. Determine m(16).
6
Let k(w) be the first derivative of w**3 + w + 4. Let o(f) = -f**2 + 2831*f - 2831*f. Let s(b) = -k(b) - 2*o(b). What is s(3)?
-10
Let p(r) = -2*r**3 + 4*r**2 - 6*r + 10. Let f = 6825 + -6823. Calculate p(f).
-2
Suppose -20*q - 4 = -i - 16*q, 5*i - 3*q = 37. Let r(w) = 6*w - 46. Give r(i).
2
Let o = 2 - 8. Let d(w) = 23*w**3 - 6*w**2 + 7*w + 9. Let l(p) = 38*p**3 - 12*p**2 + 13*p + 17. Let j(k) = -5*d(k) + 3*l(k). Calculate j(o).
-18
Let b(j) = 19*j - 230. Let s(q) = 6*q - 77. Let y(m) = -4*b(m) + 11*s(m). What is y(6)?
13
Let h(i) = -i - 23. Let v(t) = -7*t + 28. Let b(g) = -9*g + 26. Let y(w) = 4*b(w) - 5*v(w). Let p(r) = -8*h(r) + 5*y(r). Determine p(-10).
-26
Let l(i) = -19*i**2 - 3*i - 2. Let w(q) = 4*q**2 - 5*q**2 - 28 + 13*q - 18 + 5. Let b be w(8). Determine l(b).
-18
Let d be (-78)/(-15) - 5 - (-221)/(-5). Let n = 32 + d. Let j be (2/6)/(-2*2/n). Let k(t) = -4*t**2 - 1. Determine k(j).
-5
Let t(n) = -n**3 + n**2 + 7*n - 7. Let j be t(2). Let v(p) = j*p**2 - 15*p + 36*p - 4 - 17*p + 4 + 2. Give v(-2).
6
Let q be (-8)/6*18/(-4). Let r(t) = t**3 + 0*t**3 - 218 + 215 - 2*t - 5*t - 4*t**2. What is r(q)?
27
Let m(q) = -3*q**2 - 41*q + 8. Let l(v) = 2*v**2 + 34*v - 7. Let w(o) = 6*l(o) + 5*m(o). Determine w(2).
-16
Let r(i) = -518*i - 44556. Let s be r(-86). Let j(o) = -o**2 + 5*o - 5. Let d(n) = -3*n**2 + 9*n - 11. Let m(q) = -2*d(q) + 5*j(q). Calculate m(s).
5
Let u(b) = b**3 + 7*b - 813231*b**2 - 51 + 47 + 813226*b**2. Suppose -8*i + 20 = -3*i. Calculate u(i).
8
Suppose -5 = 5*w - 50. Let r be w/1*1/3. Let n(u) = 120*u - 123*u + u**2 - 2*u**3 + u**r + 3. Determine n(2).
-7
Let c(o) = -905*o - 2718. Let p be c(-3). Let m(q) = -6*q - q**3 - 2 - 4*q**2 + 6 + 4*q. Give m(p).
1
Suppose u + 61*v - 26 = 58*v, -4*u = -3*v - 14. Let q(h) = h**3 - 7*h**2 + 8*h - 119. Calculate q(u).
9
Let g(w) = 5*w**2 - 2*w - 1. Suppose 3*u - 457 = -3*f + 662, -2*u + 3*f = -741. Let o = -373 + u. What is g(o)?
6
Let l(f) be the third derivative of -f**5/60 + 5*f**3/3 - 193*f**2 + 5*f. Let a = 16 - 11. Suppose t = a*t. Determine l(t).
10
Let j(i) be the second derivative of -i**4/12 - 7*i**3/6 - 54*i**2 - 45*i. Let f(o) be the first derivative of j(o). Give f(-5).
3
Let k = 757 + -62. Let y(d) = 693 + 2*d + 10*d - k. Determine y(-2).
-26
Let s(k) = -2*k**3 - 22*k**2 - 29*k + 14. Let t(h) = -5*h - 5. Let g be t(-2). Let q(o) = o**3 + 11*o**2 + 15*o - 7. Let b(i) = g*q(i) + 2*s(i). Give b(-9).
2
Let l = 168 - 130. Let u = -36 + l. Let a(w) = -3*w**3 + 3*w**2 - w - 2. Calculate a(u).
-16
Let i(t) be the second derivative of -3*t**5/20 + 5*t**4 - t**3/3 - 11*t**2 - 3946*t - 2. Give i(20).
-62
Let l(t) = -t**3 - 14*t**2 + 14*t - 2. Let j = 8652 - 8667. Give l(j).
13
Suppose 9*y - 2*y + 14 = 0. Let n(m) = 8*m**2 - 8*m**2 - 11 - 2*m**2 - 7 - m + 20. What is n(y)?
-4
Let p(b) be the second derivative of -5*b**3/6 - 3*b**2 + 4281*b. Let k be 15/(-1)*(-4)/10. What is p(k)?
-36
Let u(h) = -2*h**3 + 40*h**2 - 30*h - 149. Let i be u(19). Let a(l) be the second derivative of -1/2*l**2 + 0 + 1/6*l**i + 1/12*l**4 - 29*l. Calculate a(-3).
5
Let i(d) = -2*d**3 + 6*d**2 + 2*d + 6. Let k = 18734 - 18729. Calculate i(k).
-84
Let z(j) = -j**3 - 3*j**2 + 3*j - 2. Suppose -3 + 21 = -9*k. Let n = k - -6. Let d be n/10*(16/(-4) - 6). Calculate z(d).
2
Suppose -12*a + 4*a + 16 = 0. Let u(g) = g**3 - g + 763*g**2 - 1 + 2 - 764*g**a. Suppose 1 + 9 = 5*f. Determine u(f).
3
Let y(o) = -2*o - 2 + 2 + 2*o**2 - o**3 + 2 - o**2. Let b(h) = -17*h + 53. Let c be b(3). Give y(c).
-6
Let r(z) be the first derivative of z**4/4 + z**3/3 - 7*z**2/2 - 8*z - 89. Let a(p) = -p**2 + 2*p + 1. Let d(h) = 6*a(h) + r(h). What is d(3)?
-5
Let f(p) = p**3 + 5*p**2 - 6*p + 3. Let g(u) = -u**2 + 2*u + 32. Let v be g(5). Suppose 4*b - 4*n + v = -7, 2*n = 4*b + 24. Give f(b).
3
Let b(m) = -2*m. Let h(r) = 15*r + 42. Let x(s) = 4*b(s) + h(s). What is x(-5)?
7
Suppose 0 = 3*n - 3*a - 6, -4*n + a - 6 = -7*n. Let r(d) = -10*d - n + 1974*d**2 - 3954*d**2 + 1979*d**2. What is r(-8)?
14
Let p(j) = j**2 + 18*j - 138 + 117 + 77 - 36*j. Determine p(14).
0
Let q(y) = -45*y**3 + 2*y**2 + y - 2. Let t(n) = n**2 - 8*n + 8. Let a be t(7). Calculate q(a).
-44
Let d(q) = 18*q**2 - 12*q**2 - q**2 - 10*q**2 + 4*q**2 - 4*q. Suppose 0 = -2*t - 5*w - 0*w + 11, 4*t - 5*w + 23 = 0. Determine d(t).
4
Let n(g) = -7 - 9 - 3 + 2 + g + 41. What is n(-19)?
5
Let g = 1676 - 1675. Let p(y) = 13*y**2 + 14*y - 14. Determine p(g).
13
Let d(y) be the second derivative of y**4/3 - 29*y**3/6 + 33*y**2/2 + 1274*y. Calculate d(6).
3
Let r(n) be the second derivative of n**3/6 + 3*n**2/2 + 24*n - 1. Suppose -185*u = -176*u + 36. What is r(u)?
-1
Let r(n) = n. Let i = -432 + 414. Let y be 48/72 + (-4)/i*-3. What is r(y)?
0
Let p = 6 - 4. Let k(d) = -3*d**3 + 3*d**2 - 29199*d + 4 - 1 - 1 + 58391*d - 29196*d. Determine k(p).
-18
Let a(g) = -g**2 + 7*g + 10. Let y be a(7). Let u be (-8)/2 - (2 - 10). Let x be -1*y/(-6) - u/(-12). Let c(m) = m**3 - 2*m**2 - 3*m + 3. What is c(x)?
-3
Suppose -3*c - 2*i + 25 = 0, -i = 4*i + 20. Let f be 146/803 - 2/c. Let m(n) be the second derivative of n**5/20 + n**4/12 + n**2 - n. What is m(f)?
2
Let t = 11 + -9. Let v be -2 - (2/t + (-2 - 1)). Let b(j) be the first derivative of -j**3/3 - 7*j - 79. What is b(v)?
-7
Suppose -2*f + 6*f - 5*b = 1129, 3*f - 803 = -5*b. Let v(u) = f*u - 3 - 2 + 9 - 277*u - u**2. Calculate v(0).
4
Suppose h = 5*h + 4. Let t(m) be the second derivative of 0*m**2 + 1/6*m**3 + 3/10*m**5 + 37 + 3*m + 0*m**4. Determine t(h).
-7
Let d(s) = 463*s - 944*s + s**2 - 71 - 138 + 59 + 469*s. Calculate d(20).
10
Suppose -3*d - d = 36. Let f(u) = 10*u**2 + u**3 + 12 + 2*u + 23*u - 17*u + 3*u. Let r be f(d). Let c(v) = -5*v - 5. What is c(r)?
25
Suppose -5*c = 4*o + 18, -5*c + 22*o - 24*o = 14. Let t(b) be the second derivative of b**4/6 - 130*b. Determine t(c).
8
Let y be (-2 - -2) + (-8 - -11) - (-91 + 96). Let s(j) be the first derivative of -j**4 - j**3 - j**2 + 1. Determine s(y).
24
Let d(v) = v**2 - 6*v + 2. Let u(i) = i**3 - 2*i**2 - 3*i + 2. Let a be u(3). Let x = -4 - -11. Suppose -x = -3*f - 2*g + 9, 0 = f + a*g - 8. What is d(f)?
-6
Let z(v) = -v - 4. Suppose 30*h = -9 - 105 - 6. Calculate z(h).
0
Let p be (-5 - (-243)/63) + ((-12)/14)/(-6). Let x(q) = 11*q**3 - q**2 + 1. Calculate x(p).
-11
Let b(g) be the third derivative of 1/3*g**3 - 11*g**2 - 3/8*g**4 + 0*g + 3 - 1/120*g**6 - 11/60*g**5. Give b(-10).
-8
Let s = -3 + -12. Let p = s - -17. Let y(j) = -133 + 4*j**p + 139 - j**3 + 2*j**2 - 8*j. Calculate y(5).
-9
Let d(m) = m**2 - 18*m - 9. Suppose 10900*o - 10887*o = 169. Give d(o).
-74
Let z = -449 + 451. Let h(n) = -n**2 - 7 - 3*n + n + 3*n**2 - 1 - n**z. What is h(7)?
27
Let j(p) be the first derivative of p**4/24 - 7*p**3/3 - 9*p**2/2 + 2*p - 1. Let u(x) be the second derivative of j(x). Calculate u(5).
-9
Let g(h) = h**3 - 48*h**2 + 46*h - 111. Let a(p) = 6*p**3 - 286*p**2 + 2